{"id":16,"date":"2023-08-22T12:58:01","date_gmt":"2023-08-22T10:58:01","guid":{"rendered":"https:\/\/conscrits-de-villefranche.fr\/?page_id=16"},"modified":"2025-11-14T10:27:25","modified_gmt":"2025-11-14T09:27:25","slug":"annuaire","status":"publish","type":"page","link":"https:\/\/conscrits-de-villefranche.fr\/?page_id=16","title":{"rendered":"Organigramme Interclasse G\u00e9n\u00e9rale"},"content":{"rendered":"\n<p><strong>ANNUAIRE-INTERCLASSE GENERALE<\/strong><\/p>\n\n\n\n<p>Mail global pour les contacts ext\u00e9rieurs&nbsp; <a href=\"mailto:contact@conscrits-de-villefranche.fr\">contact@conscrits-de-villefranche.fr<\/a><\/p>\n\n\n\n<div class=\"wp-block-columns are-vertically-aligned-center is-layout-flex wp-container-core-columns-is-layout-9d6595d7 wp-block-columns-is-layout-flex\">\n<div class=\"wp-block-column is-vertically-aligned-center is-layout-flow wp-block-column-is-layout-flow\" style=\"flex-basis:100%\">\n<figure class=\"wp-block-table is-style-regular\"><table class=\"has-pale-cyan-blue-background-color has-background\"><thead><tr><th><\/th><th class=\"has-text-align-center\" data-align=\"center\"><\/th><th class=\"has-text-align-center\" data-align=\"center\"><\/th><th class=\"has-text-align-center\" data-align=\"center\"><\/th><th><\/th><\/tr><\/thead><tbody><tr><td>Pr\u00e9sident<\/td><td class=\"has-text-align-center\" data-align=\"center\">Guillaume DUCRAY<\/td><td class=\"has-text-align-center\" data-align=\"center\">Pr\u00e9sident Adjoint<\/td><td class=\"has-text-align-center\" data-align=\"center\">Patrick<br>COMBIER<\/td><td><a href=\"mailto:contact@conscrits-de-villefranche.fr\">c<\/a><a href=\"mailto:contact@conscrits-de-villefranche.fr\" target=\"_blank\" rel=\"noreferrer noopener\">ontact@conscrits-de-villefranche.fr<\/a><\/td><\/tr><tr><td>Secr\u00e9taire-G\u00e9n\u00e9ral<\/td><td class=\"has-text-align-center\" data-align=\"center\">Pascal<br>FLORIAN<\/td><td class=\"has-text-align-center\" data-align=\"center\">Adjoint<\/td><td class=\"has-text-align-center\" data-align=\"center\">Ga\u00ebl<br>MARTIN<\/td><td><a href=\"mailto:secretaire@conscrits-de-villefranche.fr\" target=\"_blank\" rel=\"noreferrer noopener\">secretaire@conscrits-de-villefranche.fr<\/a><\/td><\/tr><tr><td>Tr\u00e9sorier<\/td><td class=\"has-text-align-center\" data-align=\"center\">Damien GREUZARD<\/td><td class=\"has-text-align-center\" data-align=\"center\">Adjoint<\/td><td class=\"has-text-align-center\" data-align=\"center\">Thierry<br>LHOTE<\/td><td><\/td><\/tr><tr><td>Vice-Pr\u00e9sident Communication<\/td><td class=\"has-text-align-center\" data-align=\"center\">Alain<br>GALLAND<\/td><td class=\"has-text-align-center\" data-align=\"center\">Adjoint<\/td><td class=\"has-text-align-center\" data-align=\"center\">Ga\u00ebl<br>MARTIN<\/td><td><a href=\"mailto:communication@conscrits-de-villefranche.fr\" target=\"_blank\" rel=\"noreferrer noopener\">communication@conscrits-de-villefranche.fr<\/a><\/td><\/tr><tr><td>Vice-Pr\u00e9sident<br>20 ans<\/td><td class=\"has-text-align-center\" data-align=\"center\">Aur\u00e9lien<br>JOMAIN<\/td><td class=\"has-text-align-center\" data-align=\"center\">Adjoint<\/td><td class=\"has-text-align-center\" data-align=\"center\">Pierre-Fran\u00e7ois<br>SOLLADIE<\/td><td><a href=\"mailto:20ans@conscrits-de-villefranche.fr\" target=\"_blank\" rel=\"noreferrer noopener\">20ans@conscrits-de-villefranche.fr<\/a><\/td><\/tr><tr><td>Vice-Pr\u00e9sident<br>F\u00eate des Conscrits<\/td><td class=\"has-text-align-center\" data-align=\"center\">Ludovic GUICHARD<\/td><td class=\"has-text-align-center\" data-align=\"center\">Adjoint<\/td><td class=\"has-text-align-center\" data-align=\"center\">Pascal<br>FLORIAN<\/td><td><a href=\"mailto:organisation-fete@conscrits-de-villefranche.fr\" target=\"_blank\" rel=\"noreferrer noopener\">organisation-fete@conscrits-de-villefranche.fr<\/a><\/td><\/tr><tr><td>Vice-Pr\u00e9sident<br>Ev\u00e8nements<\/td><td class=\"has-text-align-center\" data-align=\"center\">Denis SARRAZIN<\/td><td class=\"has-text-align-center\" data-align=\"center\">Adjoint<\/td><td class=\"has-text-align-center\" data-align=\"center\">W. MAYNARD<br>L. CLAITTE<\/td><td><a href=\"mailto:evenement@conscrits-de-villefranche.fr\" target=\"_blank\" rel=\"noreferrer noopener\">evenement@conscrits-de-villefranche.fr<\/a><\/td><\/tr><\/tbody><\/table><figcaption class=\"wp-element-caption\">A jour CA du 11 avril 2024<\/figcaption><\/figure>\n<\/div>\n<\/div>\n","protected":false},"excerpt":{"rendered":"<p>ANNUAIRE-INTERCLASSE GENERALE Mail global pour les contacts ext\u00e9rieurs&nbsp; contact@conscrits-de-villefranche.fr Pr\u00e9sident Guillaume DUCRAY Pr\u00e9sident Adjoint PatrickCOMBIER contact@conscrits-de-villefranche.fr Secr\u00e9taire-G\u00e9n\u00e9ral PascalFLORIAN Adjoint Ga\u00eblMARTIN secretaire@conscrits-de-villefranche.fr Tr\u00e9sorier Damien GREUZARD Adjoint ThierryLHOTE Vice-Pr\u00e9sident Communication AlainGALLAND Adjoint Ga\u00eblMARTIN communication@conscrits-de-villefranche.fr Vice-Pr\u00e9sident20 ans Aur\u00e9lienJOMAIN Adjoint Pierre-Fran\u00e7oisSOLLADIE 20ans@conscrits-de-villefranche.fr Vice-Pr\u00e9sidentF\u00eate des Conscrits Ludovic GUICHARD Adjoint PascalFLORIAN organisation-fete@conscrits-de-villefranche.fr Vice-Pr\u00e9sidentEv\u00e8nements Denis SARRAZIN Adjoint&#8230;<\/p>\n","protected":false},"author":1,"featured_media":0,"parent":0,"menu_order":0,"comment_status":"closed","ping_status":"closed","template":"","meta":{"footnotes":""},"class_list":["post-16","page","type-page","status-publish","hentry"],"_links":{"self":[{"href":"https:\/\/conscrits-de-villefranche.fr\/index.php?rest_route=\/wp\/v2\/pages\/16","targetHints":{"allow":["GET"]}}],"collection":[{"href":"https:\/\/conscrits-de-villefranche.fr\/index.php?rest_route=\/wp\/v2\/pages"}],"about":[{"href":"https:\/\/conscrits-de-villefranche.fr\/index.php?rest_route=\/wp\/v2\/types\/page"}],"author":[{"embeddable":true,"href":"https:\/\/conscrits-de-villefranche.fr\/index.php?rest_route=\/wp\/v2\/users\/1"}],"replies":[{"embeddable":true,"href":"https:\/\/conscrits-de-villefranche.fr\/index.php?rest_route=%2Fwp%2Fv2%2Fcomments&post=16"}],"version-history":[{"count":11,"href":"https:\/\/conscrits-de-villefranche.fr\/index.php?rest_route=\/wp\/v2\/pages\/16\/revisions"}],"predecessor-version":[{"id":637,"href":"https:\/\/conscrits-de-villefranche.fr\/index.php?rest_route=\/wp\/v2\/pages\/16\/revisions\/637"}],"wp:attachment":[{"href":"https:\/\/conscrits-de-villefranche.fr\/index.php?rest_route=%2Fwp%2Fv2%2Fmedia&parent=16"}],"curies":[{"name":"wp","href":"https:\/\/api.w.org\/{rel}","templated":true}]}}

Organigramme Interclasse Générale

<p><strong>ANNUAIRE-INTERCLASSE GENERALE</strong></p>



<p>Mail global pour les contacts extérieurs&nbsp; <a href="mailto:contact@conscrits-de-villefranche.fr">contact@conscrits-de-villefranche.fr</a></p>



<div class="wp-block-columns are-vertically-aligned-center is-layout-flex wp-container-core-columns-is-layout-9d6595d7 wp-block-columns-is-layout-flex">
<div class="wp-block-column is-vertically-aligned-center is-layout-flow wp-block-column-is-layout-flow" style="flex-basis:100%">
<figure class="wp-block-table is-style-regular"><table class="has-pale-cyan-blue-background-color has-background"><thead><tr><th></th><th class="has-text-align-center" data-align="center"></th><th class="has-text-align-center" data-align="center"></th><th class="has-text-align-center" data-align="center"></th><th></th></tr></thead><tbody><tr><td>Président</td><td class="has-text-align-center" data-align="center">Guillaume DUCRAY</td><td class="has-text-align-center" data-align="center">Président Adjoint</td><td class="has-text-align-center" data-align="center">Patrick<br>COMBIER</td><td><a href="mailto:contact@conscrits-de-villefranche.fr">c</a><a href="mailto:contact@conscrits-de-villefranche.fr" target="_blank" rel="noreferrer noopener">ontact@conscrits-de-villefranche.fr</a></td></tr><tr><td>Secrétaire-Général</td><td class="has-text-align-center" data-align="center">Pascal<br>FLORIAN</td><td class="has-text-align-center" data-align="center">Adjoint</td><td class="has-text-align-center" data-align="center">Gaël<br>MARTIN</td><td><a href="mailto:secretaire@conscrits-de-villefranche.fr" target="_blank" rel="noreferrer noopener">secretaire@conscrits-de-villefranche.fr</a></td></tr><tr><td>Trésorier</td><td class="has-text-align-center" data-align="center">Damien GREUZARD</td><td class="has-text-align-center" data-align="center">Adjoint</td><td class="has-text-align-center" data-align="center">Thierry<br>LHOTE</td><td></td></tr><tr><td>Vice-Président Communication</td><td class="has-text-align-center" data-align="center">Alain<br>GALLAND</td><td class="has-text-align-center" data-align="center">Adjoint</td><td class="has-text-align-center" data-align="center">Gaël<br>MARTIN</td><td><a href="mailto:communication@conscrits-de-villefranche.fr" target="_blank" rel="noreferrer noopener">communication@conscrits-de-villefranche.fr</a></td></tr><tr><td>Vice-Président<br>20 ans</td><td class="has-text-align-center" data-align="center">Aurélien<br>JOMAIN</td><td class="has-text-align-center" data-align="center">Adjoint</td><td class="has-text-align-center" data-align="center">Pierre-François<br>SOLLADIE</td><td><a href="mailto:20ans@conscrits-de-villefranche.fr" target="_blank" rel="noreferrer noopener">20ans@conscrits-de-villefranche.fr</a></td></tr><tr><td>Vice-Président<br>Fête des Conscrits</td><td class="has-text-align-center" data-align="center">Ludovic GUICHARD</td><td class="has-text-align-center" data-align="center">Adjoint</td><td class="has-text-align-center" data-align="center">Pascal<br>FLORIAN</td><td><a href="mailto:organisation-fete@conscrits-de-villefranche.fr" target="_blank" rel="noreferrer noopener">organisation-fete@conscrits-de-villefranche.fr</a></td></tr><tr><td>Vice-Président<br>Evènements</td><td class="has-text-align-center" data-align="center">Denis SARRAZIN</td><td class="has-text-align-center" data-align="center">Adjoint</td><td class="has-text-align-center" data-align="center">W. MAYNARD<br>L. CLAITTE</td><td><a href="mailto:evenement@conscrits-de-villefranche.fr" target="_blank" rel="noreferrer noopener">evenement@conscrits-de-villefranche.fr</a></td></tr></tbody></table><figcaption class="wp-element-caption">A jour CA du 11 avril 2024</figcaption></figure>
</div>
</div>

<p>ANNUAIRE-INTERCLASSE GENERALE Mail global pour les contacts extérieurs&nbsp; contact@conscrits-de-villefranche.fr Président Guillaume DUCRAY Président Adjoint PatrickCOMBIER contact@conscrits-de-villefranche.fr Secrétaire-Général PascalFLORIAN Adjoint GaëlMARTIN secretaire@conscrits-de-villefranche.fr Trésorier Damien GREUZARD Adjoint ThierryLHOTE Vice-Président Communication AlainGALLAND Adjoint GaëlMARTIN communication@conscrits-de-villefranche.fr Vice-Président20 ans AurélienJOMAIN Adjoint Pierre-FrançoisSOLLADIE 20ans@conscrits-de-villefranche.fr Vice-PrésidentFête des Conscrits Ludovic GUICHARD Adjoint PascalFLORIAN organisation-fete@conscrits-de-villefranche.fr Vice-PrésidentEvènements Denis SARRAZIN Adjoint&#8230;</p>
